*3 - 20 - 3*d**2 - 4 + 6*d + 13. Calculate z(k).
-6
Let r be (5/(-2) + 3)*4. Let u(c) = -24 + r*c + 9 - 3*c. Let n(k) = k + 14. Let w(s) = -5*n(s) - 4*u(s). What is w(0)?
-10
Suppose 2*d + 5*b + 2 + 2 = 0, 4*b - 4 = -4*d. Let u(j) = -j**2 + 9*j + 24. Let x be u(11). Let p(f) = -f**3 - 6 + f**x + 3*f - 5 + 7. Determine p(d).
-13
Let r(y) = -y**3 - 6 + 3 - 9*y**2 - 2 - 5 - 8*y. Give r(-7).
-52
Let d(r) be the second derivative of r**8/3360 + r**7/840 + r**6/240 - r**4/12 + r**3/6 - 4*r + 4. Let q(t) be the third derivative of d(t). Give q(-2).
-10
Let a = 33 + -28. Suppose 7 = a*h - 3. Suppose -l = -h*l. Let k(b) = -b**2 + 3. Give k(l).
3
Let r(w) = -151 - 142 + 446 - 151 + w - 13*w**2. Give r(-1).
-12
Let l(b) be the third derivative of -11*b**5/20 + 32*b**2 + b. What is l(1)?
-33
Suppose -9*i + 12*i = 210. Let m(f) = 0*f**2 + 72 + 0*f**2 - f**3 - i. Give m(-2).
10
Let l(m) = m**2 - 4. Suppose 7*r = r - 6. Let p be 1 + (2 - 3)/r. Suppose d + 6 = -p*n, 0*n = 2*n + 6. Calculate l(d).
-4
Suppose w - 8 = 7*m - 10*m, -5*w = -4*m + 36. Let a(l) = -l**2 - l + 9. Determine a(m).
-11
Let l(b) = b**3 + 3*b**2 + 3*b + 2. Suppose 0 = 2*w - w - 3, -5*x + 5*w = -245. Suppose -16*k - x + 4 = 0. Calculate l(k).
-7
Let r(a) be the second derivative of a**4/6 - a**2 - a - 1. What is r(-3)?
16
Let h(j) = j**3 - j + 16. Suppose 561*n - 548*n = 0. Calculate h(n).
16
Let m(r) = -14455 + 14455 + 2*r**2 - 4*r. Suppose 4 = -2*x - 3*f + 1, 3*x + 5*f + 6 = 0. Give m(x).
6
Let u(a) be the third derivative of a**5/60 + a**4/24 - a**3/6 - 8*a**2. Let i(k) = k**3 - 7*k**2 - 10*k + 9. Let v(r) = i(r) + 3*u(r). What is v(5)?
-4
Let p(n) = -n**3 + 3*n**2 + 3*n - 5. Let l be (-1)/(-3) + (-20)/(-12). Suppose -q = -l*q. Suppose 2*k - 4*g + 4 - 20 = q, -3*k - 3*g = -6. Determine p(k).
-9
Let j(f) be the third derivative of -f**5/60 + 5*f**4/12 + 13*f**3/6 - 128*f**2. Give j(10).
13
Let x(o) be the first derivative of -o**4/12 - o**3 + o**2/2 + 10*o - 22. Let k(b) be the first derivative of x(b). Calculate k(-7).
-6
Let d(g) be the first derivative of -g**2 + 9*g + 30. What is d(4)?
1
Suppose 2*c = -4*t - 12, -4*c - 4*t - 13 = 11. Let d(w) = 49*w + 16. Let g(a) = -11*a - 4. Let f(p) = -2*d(p) - 9*g(p). Calculate f(c).
-2
Let k(r) be the second derivative of -3*r**5/20 + r**3/3 - 4*r**2 - 3*r. Let g(p) = -2*p**3 - p**2 + 2*p - 7. Let t(o) = 4*g(o) - 3*k(o). Determine t(4).
4
Let r be 45/60 + (1 - (-9)/12). Let j(f) be the first derivative of -4*f + 1/3*f**3 + r*f**2 + 7. Calculate j(-6).
2
Let u(n) = -n**3 + 2*n**2 + 6*n + 15. Let b be u(4). Let k(v) = -v**3 + 7*v**2 + 4. Determine k(b).
4
Let l(q) = -q - 611 - 2*q**3 + 1230 - 616 + 3*q**2. Calculate l(3).
-27
Let f(s) = s**3 - 8*s**2 + 8*s - 8. Suppose i - 4*t = 35, 4*t - 51 = i - 2*i. Suppose 5*n + i = 4*h + 2*n, 0 = h + n - 2. What is f(h)?
-1
Let i(y) = -y**2 + y - 5. Let o = 28 - 25. Suppose -o*c + 38 = -5*z + 6, -c + 12 = -2*z. Calculate i(c).
-17
Let k(b) = -30*b + 13. Let s(y) = -11*y + 4. Let g(f) = 4*k(f) - 11*s(f). Let h = -1 + 7. Give g(h).
14
Let o(c) = -c**3 + 6*c**2 + 10*c - 4. Let q(t) = t**2 + 19*t + 20. Let b be q(-18). Suppose -5*u = -b*g - 18 - 11, -5*u + g = -32. Calculate o(u).
17
Let r(b) = -b**3 - 4*b**2 + 9*b + 1. Let i(n) = 0*n - 175 + n + 164 + 0*n. Let w be i(5). Give r(w).
19
Let h(k) = 2*k**2 + 7*k - 4. Let f(c) = -c**2 + c. Let r(p) = -f(p) + h(p). Let d be r(2). Suppose -o + 5*o = -d. Let x(s) = -s**3 - 6*s**2 - 4*s. What is x(o)?
-5
Let j(g) = -46*g + 373. Let s be j(8). Let a(o) = o**2 + o. Let v(u) = -6*u**2 + u - 6. Let r(x) = -5*a(x) - v(x). What is r(s)?
1
Suppose 22*u = 3*u - 133. Let v(q) = q**2 + 6*q + 2. Give v(u).
9
Let v(q) = q - 1. Let m = 40 - 36. Suppose 4*z + i - 11 = 16, 26 = m*z + 2*i. Calculate v(z).
6
Suppose -2*c = -t - 12 + 35, -t + 10 = -c. Let d(l) = 2*l**2 + 24*l - 27. What is d(c)?
-1
Let q(b) be the third derivative of b**4/12 + b**3 + 79*b**2. Calculate q(5).
16
Let v(p) = -p**2 - 11*p + 7. Let j(m) = -m. Suppose 1 + 14 = -3*d. Let o be -3*((-2 - (-46)/6) + -6). Let t(k) = d*j(k) + o*v(k). What is t(-7)?
0
Let a(m) be the third derivative of -m**4/24 + m**3/6 + 14*m**2 + m. Calculate a(-9).
10
Let z be (-164)/(-14) + (-8)/(-28). Suppose -2*g - z = -4*g. Let m(i) be the first derivative of i**4/4 - 2*i**3 + i**2 - 6*i - 5. Determine m(g).
6
Let i(j) = -j**3 + 6*j**2 - 4*j + 1. Let h = 47 - 48. Let d be (h - -2)/(-6*5/(-120)). Calculate i(d).
17
Let o(t) = 16*t**3 + 90*t**2 - 12. Let k(z) = -3*z**3 - 18*z**2 + 2. Let y(g) = 11*k(g) + 2*o(g). Calculate y(-18).
-2
Let x(w) be the second derivative of 5*w**3 - 2*w - 4*w**3 + 0*w**3 + 5*w. What is x(1)?
6
Let f = 14 - 49. Let i = f + 40. Suppose -i*o - g = 30 - 7, -4*g = -o - 13. Let k(j) = -j**3 - 6*j**2 - 6*j - 2. What is k(o)?
3
Let c be (-80)/(-45) + -2 + (-20)/(-9). Let i(l) = -12 - 16 + l**c + 35 - 14. Determine i(-5).
18
Let v(o) = -o - 1. Let l be 90/(-25)*10/(-4). Suppose f = 21 - l. Let u = 14 - f. What is v(u)?
-3
Let g(n) be the third derivative of -9*n**2 - 5/3*n**3 + 0 + 0*n - 1/120*n**5 - 1/24*n**4. Let i(b) be the first derivative of g(b). Give i(5).
-6
Let b(p) = 6*p - 14. Let m(t) = -2*t + 5. Let d(y) = 6*b(y) + 17*m(y). Suppose -4*n + 5 = 1. Determine d(n).
3
Suppose 2*o = 5*o + 123. Let b = 26 + o. Let z be 1/3 + 35/b. Let f(c) = c**3 + 4*c**2 + c. What is f(z)?
6
Let t(i) be the second derivative of -8*i**3/3 - 101*i**2/2 + 575*i. What is t(-6)?
-5
Let q(f) be the third derivative of -f**4/4 + 5*f**3/3 - 11*f**2 + 4*f. What is q(7)?
-32
Let j be (-75)/(-11) - (-18)/99. Let d(l) = 10*l**2 + 25*l - 5. Let g(r) = -7*r**2 - 17*r + 3. Let z(m) = j*g(m) + 5*d(m). Determine z(-3).
-13
Let k(s) = s**3 + 6*s**2 + 6*s. Let b = 667 - 672. Calculate k(b).
-5
Let b(r) = -r**3 + 7*r**2 + 10*r - 10. Let a(w) = -20 - 4*w + 8 + 9 + 7*w. Let c be a(0). Let u = c - -11. Calculate b(u).
6
Let q = 197 - 190. Let n(m) = 2*m + 4. Determine n(q).
18
Let i(u) be the second derivative of u**5/20 - 11*u**4/12 + 17*u. Determine i(11).
0
Let q = 25 + -24. Suppose 9 - q = -4*s. Let g(m) = -2*m + 1. Calculate g(s).
5
Let m(z) = -z**3 - 3*z**2 + 3. Let t = 882 + -880. Calculate m(t).
-17
Let h(b) = -b**3 - 7*b**2 + b - 5. Let a(y) = 3*y**3 + 21*y**2 - 4*y + 16. Let o(g) = 2*a(g) + 7*h(g). What is o(-7)?
4
Let a = 4 + 4. Suppose b - 1 = -a. Let g(s) = s + 6. Calculate g(b).
-1
Let d(y) = y + 8. Let p = 14 - 10. Suppose -4 = 2*z - p*z. Let h be 4*(-4)/(-8) - z. Give d(h).
8
Suppose -2*v + v = -1. Let r be 0/7 + -1 + v. Let b be (2 - r)/(2/(-4)). Let h(u) = u + 5. Give h(b).
1
Suppose 16*y = 3*t + 11*y - 5, 0 = 4*t - 3*y - 25. Let p(g) = g - 14. Give p(t).
-4
Let v(s) be the second derivative of -s**3/2 - 3*s**2/2 - 9*s + 3. Determine v(-7).
18
Let u(g) = -3*g + 9. Suppose 14*k = 25*k - 88. Give u(k).
-15
Let t(f) = -f**2 + f**3 + 4 - 14 - 7 + 0. Let h = -373 - -373. What is t(h)?
-17
Let y(l) be the third derivative of -l**7/840 - 7*l**6/360 - l**5/20 - l**4/8 - 7*l**3/3 + 9*l**2. Let q(f) be the first derivative of y(f). Determine q(-6).
-3
Let c be (1232/220)/(((-8)/15)/(-4)). Suppose 7*l = -c + 98. Let m(a) = a**2 - 9*a - 5. Calculate m(l).
-13
Suppose -2*h = 12 + 32. Let y(x) = -x**3 - 21*x**2 + 22*x. Let t be y(h). Let i(s) = -s**2 - 1. What is i(t)?
-1
Suppose 14 = 5*x - 11. Let k(d) = d**3 - 2*d - x*d + 0*d**3 + 5*d. Calculate k(2).
4
Suppose 4*a = -30 - 302. Let h = -81 - a. Let v(p) = -p**3 + 2*p**2 + 2*p - 1. Give v(h).
3
Let z be 4 + (3 - (-24)/(-2)). Let r(u) = 3*u**2 - 9*u - 10. Let t(h) = -4*h**2 + 9*h + 11. Let y(s) = z*r(s) - 4*t(s). Give y(-6).
-12
Let c(u) = -u**2 + 4*u - 1. Let z be (-88)/(-5) + 2/5. Let b = 54 - 51. Suppose -4*h = -0*h + b*w - 23, -4*h + 2*w = -z. What is c(h)?
-6
Suppose -5*j + 8 = -3*j. Suppose -6 = j*q + w, 5*q - 3 = -3*w - 7. Let z(a) be the third derivative of a**5/15 + a**4/6 + a**3/3 + 20*a**2. Calculate z(q).
10
Let h = -240 - -235. Let q(r) = -r**2 - r - 5. What is q(h)?
-25
Suppose n + 2*i - 13 = -i, -2*n + 42 = -2*i. Let f = n + -15. Let b(o) = -3*o + 6. What is b(f)?
-6
Let s(g) = g**2 - 7*g + 6. Let z = -1183 - -1188. Calculate s(z).
-4
Let w(s) be the second derivative of 0 - 3/2*s**2 - 2*s - 1/3*s**3 + 1/24*s**4. Let r(q) be the first derivative of w(q). What is r(-3)?
-5
Let z(o) = 20*o